 32602 prime?
False
Is 112687 a prime number?
True
Is 4511 prime?
False
Is 144161 a prime number?
True
Is 44995 prime?
False
Is 430277 composite?
False
Is 18937 a prime number?
False
Is 51655 a composite number?
True
Is 5581 prime?
True
Is 86743 a prime number?
True
Is 1013077 a composite number?
True
Is 161767 prime?
False
Is 53113 a composite number?
False
Is 14207 a composite number?
False
Is 38149 a composite number?
False
Is 20437 composite?
True
Is 10327 a prime number?
False
Is 305339 composite?
False
Is 2081 composite?
False
Is 57461 composite?
True
Is 16787 a prime number?
True
Is 8483 prime?
False
Is 431081 a composite number?
True
Is 22577 a composite number?
True
Is 17401 composite?
False
Is 424753 a prime number?
False
Is 444929 composite?
False
Is 24071 composite?
False
Is 29383 composite?
False
Is 649 prime?
False
Is 20011 composite?
False
Is 31307 a composite number?
False
Is 10687 prime?
True
Is 34003 a prime number?
False
Is 28673 prime?
False
Is 696341 composite?
True
Is 298 a prime number?
False
Is 1049 a composite number?
False
Is 11821 prime?
True
Is 90773 prime?
False
Is 252254 a composite number?
True
Is 677011 prime?
True
Is 43297 prime?
False
Is 729049 composite?
True
Is 6511 a prime number?
False
Is 23143 prime?
True
Is 25939 a composite number?
False
Is 104791 prime?
False
Is 7078 prime?
False
Is 3959 a composite number?
True
Is 4119 a composite number?
True
Is 3847 prime?
True
Is 22731 a prime number?
False
Is 68387 a composite number?
True
Is 960067 prime?
False
Is 23531 composite?
False
Is 180793 prime?
True
Is 68567 composite?
False
Is 144497 a prime number?
True
Is 5969 composite?
True
Is 5331 prime?
False
Is 362002 a prime number?
False
Is 1657709 composite?
True
Is 80243 composite?
True
Is 1457 composite?
True
Is 198461 a composite number?
False
Is 42979 composite?
False
Is 1481 composite?
False
Is 50441 a composite number?
False
Is 16129 a prime number?
False
Is 1726 composite?
True
Is 34403 a composite number?
False
Is 6803 a composite number?
False
Is 197741 a composite number?
False
Is 110681 a prime number?
True
Is 196255 composite?
True
Is 54907 a composite number?
False
Is 889 a composite number?
True
Is 34433 composite?
True
Is 42169 a composite number?
False
Is 44153 a composite number?
True
Is 73819 a prime number?
True
Is 27413 prime?
False
Is 381569 prime?
True
Is 81869 prime?
True
Is 21967 composite?
True
Is 21247 a composite number?
False
Is 1709101 a prime number?
False
Is 39469 a prime number?
False
Is 106259 a prime number?
False
Is 3511 prime?
True
Is 116657 composite?
False
Is 39901 a composite number?
False
Is 942943 composite?
False
Is 8009 a prime number?
True
Is 7903 prime?
False
Is 203 composite?
True
Is 18641 a prime number?
False
Is 9383 a composite number?
True
Is 185618 prime?
False
Is 72502 prime?
False
Is 290203 a prime number?
False
Is 221047 a prime number?
True
Is 254749 composite?
True
Is 92917 composite?
True
Is 144407 a prime number?
True
Is 1341257 prime?
True
Is 155951 a prime number?
False
Is 17623 a composite number?
False
Is 128689 composite?
True
Is 4031 composite?
True
Is 34559 a prime number?
False
Is 141101 composite?
False
Is 2939 a prime number?
True
Is 6439 a composite number?
True
Is 229987 a composite number?
True
Is 1193 a prime number?
True
Is 31061 prime?
False
Is 2524259 prime?
True
Is 17903 a prime number?
True
Is 94649 a composite number?
False
Is 1769 a prime number?
False
Is 1399 composite?
False
Is 7669 a composite number?
False
Is 409 a composite number?
False
Is 997 composite?
False
Is 62851 composite?
False
Is 19841 composite?
False
Is 75913 prime?
True
Is 867593 composite?
True
Is 609103 prime?
False
Is 104498 composite?
True
Is 2668453 a prime number?
True
Is 3146941 a composite number?
True
Is 90499 a composite number?
False
Is 169861 composite?
True
Is 28979 a composite number?
False
Is 9701 prime?
False
Is 39439 prime?
True
Is 5102 composite?
True
Is 4281 a composite number?
True
Is 3862 a composite number?
True
Is 12269 composite?
False
Is 10643 a prime number?
False
Is 79881 a prime number?
False
Is 863849 composite?
True
Is 90641 prime?
True
Is 8923 a prime number?
True
Is 159231 prime?
False
Is 1782887 composite?
False
Is 7349 a prime number?
True
Is 16255 a prime number?
False
Is 64613 a composite number?
False
Is 736109 composite?
True
Is 611 prime?
False
Is 2963 prime?
True
Is 309003 prime?
False
Is 18554 a prime number?
False
Is 446551 composite?
True
Is 16418 composite?
True
Is 70673 a prime number?
False
Is 15343 a prime number?
False
Is 1180535 a prime number?
False
Is 66233 a composite number?
True
Is 1185281 a prime number?
True
Is 30061 a composite number?
True
Is 541721 composite?
False
Is 13033 prime?
True
Is 3163 prime?
True
Is 2359129 a composite number?
False
Is 242401 prime?
False
Is 2579 a prime number?
True
Is 20369 a composite number?
False
Is 23 a prime number?
True
Is 893999 prime?
True
Is 4622 composite?
True
Is 7897 a composite number?
True
Is 969593 prime?
True
Is 316111 a prime number?
False
Is 20318 a prime number?
False
Is 17785 a prime number?
False
Is 233813 a prime number?
False
Is 13157 a prime number?
False
Is 2777 a prime number?
True
Is 1765 a composite number?
True
Is 1813699 a composite number?
False
Is 214103 prime?
False
Is 909781 a prime number?
False
Is 7451 a composite number?
False
Is 251257 prime?
True
Is 10559 a prime number?
True
Is 1835 a composite number?
True
Is 5269 prime?
False
Is 6389 prime?
True
Is 29327 a prime number?
True
Is 295513 prime?
True
Is 6911 composite?
False
Is 64871 a prime number?
True
Is 108939 a composite number?
True
Is 509 a composite number?
False
Is 102367 prime?
True
Is 1396345 prime?
False
Is 104071 a prime number?
False
Is 2866247 prime?
True
Is 32273 prime?
False
Is 47065 a composite number?
True
Is 4621 composite?
False
Is 7529 a prime number?
True
Is 2927 prime?
True
Is 2038 a composite number?
True
Is 5363 composite?
True
Is 24359 prime?
True
Is 41963 a composite number?
True
Is 16979 a prime number?
True
Is 37483 composite?
False
Is 1399 composite?
False
Is 201881 composite?
False
Is 88547 a prime number?
True
Is 474589 a prime number?
False
Is 8999 a prime number?
True
Is 9871 composite?
False
Is 18301 composite?
False
Is 635519 prime?
True
Is 2987 a composite number?
True
Is 8141 a prime number?
False
Is 358031 prime?
True
Is 51521 prime?
True
Is 24317 a composite number?
False
Is 78379 composite?
True
Is 1009 a prime number?
True
Is 16921 a prime number?
True
Is 222269 a composite number?
False
Is 4399 a composite number?
True
Is 331 composite?
False
Is 448351 a composite number?
False
Is 2402597 a composite number?
False
Is 235091 a prime number?
True
Is 45685 a composite number?
True
Is 9983 composite?
True
Is 133799 prime?
False
Is 265 a prime number?
False
Is 3101 a composite number?
True
Is 38501 a prime number?
True
Is 777977 prime?
True
Is 92047 a composite number?
True
Is 407 composite?
True
Is 76069 prime?
False
Is 258499 a prime number?
True
Is 12007 composite?
False
Is 223597 prime?
False
Is 109253 prime?
True
Is 5131 a prime number?
False
Is 31973 composite?
False
Is 124847 composite?
False
Is 1399 prime?
True
Is 198206 prime?
False
Is 138977 a composite number?
False
Is 347467 a composite number?
True
Is 30757 prime?
True
Is 14699 a prime number?
True
Is 5981 a composite number?
False
Is 203834 composite?
True
Is 30779 composite?
True
Is 43913 a prime number?
True
Is 1448617 a composite number?
True
Is 22027 a prime number?
True
Is 42027 composite?
True
Is 68473 a prime number?
True
Is 5303 prime?
True
Is 82261 composite?
False
Is 1568243 prime?
True
Is 7737 prime?
False
Is 266701 a composite number?
False
Is 7709 a composite number?
True
Is 28327 composite?
True
Is 10687 composite?
False
Is 44839 prime?
True
Is 2411 a prime number?
True
Is 43451 a composite number?
False
Is 1608697 composite?
False
Is 48259 composite?
False
Is 37127 a composite number?
True
Is 143873 a composite number?
False
Is 8977 prime?
False
Is 163109 a prime number?
True
Is 88787 a composite number?
True
Is 62639 a prime number?
True
Is 623803 a prime number?
True
Is 75767 composite?
False
Is 44521 a composite number?
True
Is 22846 a prime number?
False
Is 68279 a c